Let b = 282 + -280. Suppose -5*v - 4*i + 75 = i, 2*v = b*i + 42. Let x be -2 + (5 - 2) + 3. Calculate the greatest common factor of v and x.
2
Suppose 719*b - 863*b + 3456 = 0. Let n be (3/(-9))/(2/(-12)). Let a = n + 46. What is the highest common factor of b and a?
24
Let r = 542 + -688. Let g = r - -162. Let k(y) = y**3 + 3*y**2 - 3*y + 2. Let j be k(2). What is the highest common divisor of j and g?
16
Let j be -9 + 10 + 20*2. Suppose 13 + j = 2*a. Suppose -67*z + 56*z = -3267. What is the highest common factor of a and z?
27
Let w be (-2 - -8)/((-1)/(-4)). Suppose -167*d - 96 = -169*d. What is the highest common factor of w and d?
24
Suppose -5*p + 25*p = -280. Let d(b) = 3*b + 10. Let k be d(-7). Let g = k - p. Calculate the greatest common divisor of g and 24.
3
Let u be 74/(-703) - (13032/57)/(-6). Calculate the greatest common divisor of u and 32794.
38
Suppose 1290 - 1234 + 3374 = 49*k. What is the greatest common factor of k and 126?
14
Let k = 391 - 69. Suppose -132*g + 118*g = -k. What is the greatest common factor of g and 2?
1
Let p be 4/(-22) + 74088/198. Let y = -290 + p. Calculate the greatest common factor of y and 252.
84
Let k = -4155 - -4546. What is the greatest common factor of 51 and k?
17
Suppose -4*k - 2*d + 4*d = -2796, 2104 = 3*k + 2*d. Let o be (10 - (-180)/(-25))/((-1)/(-10)). Calculate the greatest common divisor of o and k.
28
Suppose g - 72*x + 71*x - 10 = 0, -5*g - 3*x = -90. Suppose 3*k + 3 = 15. Suppose 900 = t + k*t. Calculate the highest common factor of t and g.
15
Suppose -3*m - 130 = -2*s + 100, -113 = -s + 2*m. Let u be (-5)/15*(-85 - 5). Suppose 8*l - 118 + u = 0. What is the greatest common factor of s and l?
11
Suppose -25790 = -12*y + 14110. What is the highest common factor of y and 285?
95
Let o = -112 + 116. Suppose -70*u = -69*u - o*b - 34, -3*u - 5*b + 17 = 0. What is the greatest common divisor of u and 742?
14
Let r = 15947 + -15927. Calculate the highest common factor of r and 6230.
10
Suppose 106*w - 53*w - 191092 = 31*w. Calculate the highest common factor of 86 and w.
86
Suppose 0 = -0*b - 3*b + 495. Let f = 274 + -277. Let m be (198/45)/(f/(-45)). What is the greatest common factor of b and m?
33
Let n(p) = -31*p**3 - 1727*p**2 + 165*p + 60. Let h be n(-56). What is the highest common divisor of 36 and h?
36
Let v(r) = r**3 + 14*r**2 - 9*r - 42. Let u be v(-7). Suppose 24*c - 19*c + 4*i - 240 = 0, 3*c - 151 = -i. What is the highest common divisor of c and u?
52
Let o be (-132)/8*(-18)/1. Suppose v - o = -259. Calculate the greatest common factor of 171 and v.
19
Let m be (8/(-5))/((-2)/55). Let y(h) = -h**2 - 15*h + 294. Let a be y(8). What is the highest common divisor of m and a?
22
Suppose 9 - 6 = o. Let s = 7 + o. Suppose -5*t + 140 = 5*r, -2*t = -5*r - s - 18. What is the highest common factor of 24 and t?
24
Let n be 4/4*(-167 + 155) + 15*3. Suppose -4*i = o - 524, i + 4*o + 676 = 6*i. Calculate the greatest common divisor of n and i.
33
Suppose -45*a + 146251 - 22231 = 0. Calculate the highest common factor of a and 39.
13
Suppose -2*k = -8 - 4. Let c(q) = 4*q**2 + 59*q - 17. Let a be c(-15). Let r be (4 + a)*(-9)/(-2). Calculate the greatest common divisor of r and k.
3
Let r be 22428/39 + (-48)/624. Calculate the highest common factor of 414 and r.
23
Suppose 8*c + 25 = 3*c, 4*b + c + 2625 = 0. Let w = b - -666. Calculate the highest common divisor of w and 407.
11
Let n = 26825 + -26765. Let j(c) = -c**2 + 9*c - 6. Let h be j(7). Let k be (h/(-12))/((-2)/36). Calculate the highest common factor of n and k.
12
Suppose 16*i - 50 = 11*i. Suppose -4*d - 5*k - 7 = i, -3 = -k. Let b be (12/d - 62/(-12))*3. What is the highest common factor of 11 and b?
11
Let i = 1660 + -1559. Calculate the highest common divisor of i and 404.
101
Let d be ((-4)/38 + (-62138)/(-76))*4/6. What is the greatest common factor of d and 5?
5
Let l be 23/(105/(-460) - (11/4 + -3)). What is the greatest common divisor of 92 and l?
46
Let d be (-2682)/1788*(0 - -1)*(4 + -286). Calculate the greatest common factor of 4794 and d.
141
Let u be 1 + 0 - (14 + 2100/(-6)). Calculate the highest common factor of u and 56616.
337
Suppose 32*w + 99 + 93 = 0. Let s be (18/4)/(w/(-1800)). What is the greatest common divisor of 54 and s?
54
Let w(d) = 39*d - 176. Let g(h) = -39*h + 183. Let x(j) = 6*g(j) + 5*w(j). Let c be x(5). What is the greatest common divisor of c and 92?
23
Let l be (10 + -7)*((-8)/(-4) + -1). Suppose 5*j + 753 = 2*u, u - l*j = -0*u + 375. What is the highest common factor of 48 and u?
48
Suppose 13*o - 6422 - 780 = 0. Suppose -19*l + 7388 = -o. Calculate the greatest common factor of 38 and l.
38
Let k = -14247 - -15335. What is the highest common factor of k and 85?
17
Let g = -124448 - -124496. Suppose 0 = -2*l + 207 + 129. Suppose -4*b - 190 + 38 = -5*z, 4*b = -5*z + l. Calculate the greatest common factor of z and g.
16
Let g = 1293 - 34. Let m = g - 753. Suppose -11*w = -13*w + m. Calculate the highest common divisor of 23 and w.
23
Let h be (1 - 0)/(4/1960). Suppose 3*b - h = b. Calculate the greatest common divisor of b and 147.
49
Let b = 726 - 650. Suppose 0 = 4*r + 2*x - 202 - 28, -3*r - 5*x + 176 = 0. Calculate the highest common factor of b and r.
19
Let f = 491 - 476. Suppose 0 = f*m - 3096 - 2049. What is the greatest common divisor of 98 and m?
49
Let g(b) = 4*b**2 - 45*b + 18. Let h be g(18). Suppose -h = -3*o + 2*f, -4*o + 672 = 7*f - 2*f. What is the greatest common factor of 252 and o?
84
Suppose -5*j + 15 = 0, 2*y + 8*y - 928 = 4*j. Calculate the greatest common factor of y and 5217.
47
Let v(z) = -4*z + 1. Let i be v(-2). Suppose -11*b - 128 = 4. Let r be (1 - (-8)/b)*216. What is the highest common divisor of r and i?
9
Let c(r) = 25*r**2 - 1. Let a be c(1). Suppose -300 = -a*u + 9*u. What is the greatest common divisor of 60 and u?
20
Suppose -6*i = -4*i + 4*s - 48, 4*i + 4*s = 112. Suppose 0 = -2*y + 2*b + 16, -5*y = b - i + 10. Calculate the greatest common divisor of y and 505.
5
Let t = -19 + 24. Let r be (t/(-10))/((-4)/32). Suppose m + 2*c = 12, -27 = -4*m + 3*m - 5*c. What is the highest common divisor of r and m?
2
Suppose -c = m + 3, 0*c - 18 = 2*m + 4*c. What is the greatest common factor of m and 375?
3
Let b = -195 - -244. Suppose 1441 = -b*o + 4381. What is the greatest common factor of o and 270?
30
Suppose 3*f - 11*n = -6*n + 188, 4*n = -3*f + 152. Suppose 362 - f = 3*v. What is the highest common factor of v and 170?
34
Suppose 3*f - 148 + 718 = 3*i, -4*f = i - 165. Let z = i - 178. Suppose 5*c + 122 = 402. Calculate the greatest common factor of c and z.
7
Let v = 322 + -147. Let y be (4/(-10))/((-5)/v). Let b(t) = -t**2 + 18*t - 8. Let o be b(y). Calculate the highest common factor of 24 and o.
24
Suppose 13*a = -43*a + 31*a + 650. Let k be 3 + (1*-2 - -2). What is the greatest common factor of k and a?
1
Let x = -8225 - -8681. What is the highest common divisor of 312 and x?
24
Let u = 4921 - 4917. What is the highest common factor of 556 and u?
4
Let x(f) = -f**3 - 5*f**2 + 4*f + 26. Let z be x(0). What is the greatest common factor of 1391 and z?
13
Suppose 459 = -21*k + 7893. Let l = 382 - k. What is the highest common divisor of l and 84?
28
Let a be 4/(-14) - (-2502)/(-63). Suppose 5*q = 5*j + 151 + 134, 120 = -2*j - q. Let n = a - j. Calculate the greatest common factor of n and 95.
19
Suppose -2*b + 168 = -214. Suppose b = 7*g - 54. Suppose 6*a - 1 = 59. What is the highest common factor of a and g?
5
Let t(q) = 2*q**2 + 66*q + 68. Let r be t(-32). What is the highest common divisor of 2500 and r?
4
Suppose 27*q + 1077 = 6747. What is the highest common divisor of 945 and q?
105
Let c be (-14685)/(-99) - (-1)/6*-2. Let b = c - 136. What is the highest common factor of 56 and b?
4
Let i = 9399 - 9343. Calculate the highest common divisor of 952 and i.
56
Let s = 721 + -435. Let i be -6 - 1/(-2)*12. Let o(a) = -a**3 + 26. Let f be o(i). What is the greatest common divisor of s and f?
26
Let q = 53 - 33. Suppose -18 = 2*z + 2*p - 4*p, -2*z = -3*p + 19. Let s be 36/z*(-40)/6. What is the highest common divisor of q and s?
10
Suppose -11*t + 12*t - 2 = 0. Let d be (1560/(-48))/((-1)/t) - 3. Calculate the highest common divisor of 2 and d.
2
Suppos